er?
False
Suppose 0*g + 325 = 5*g. Let v = 94 - g. Is 1*68*v/4 a prime number?
False
Suppose -b = b - 4. Suppose -4*w = -2*d - b*d, 0 = 3*d + 15. Is 40/14 - w/35 prime?
True
Let f = -829 + 1806. Is f a prime number?
True
Suppose r + 40*g - 21145 = 42*g, 0 = 5*r - 6*g - 105713. Is r composite?
False
Suppose a = -2*g + 231309, -79 = 5*a - 54. Is g composite?
False
Let t = 12 - 12. Let y be (t + (1 - 2))*-4. Suppose -36 + 120 = y*x. Is x a composite number?
True
Let m(r) = -5*r + 2*r + 0*r + 2*r + 12. Let a be m(9). Suppose 4*l = -a*w + 476, 4*l = l - 2*w + 357. Is l composite?
True
Let v = 606 + -1289. Let m = v + 1374. Is m a prime number?
True
Let c = -50 + 53. Suppose 5*k - 1450 = -3*p, c*p + 0 = -15. Is k a composite number?
False
Suppose 5*p - 6 = 4. Suppose q - p = -3*r, -q - 1 + 3 = -3*r. Suppose r*c + c - 69 = 0. Is c a composite number?
True
Let t = -4 + 6. Suppose t*w + 2 = 0, -4*o + 2*w = 6*w - 5032. Is o a prime number?
True
Suppose 3*b - 5*j = 434, 0 = 3*b - 6*j + 9*j - 426. Is b prime?
False
Suppose 0 = 10*w - 0*w - 110. Suppose -1387 - 4410 = -w*m. Is m a prime number?
False
Is 2 + -4 - (-7)/(7/24660) prime?
False
Let c = 924 + 710. Suppose 0 = 5*z + 4 - 29. Suppose 3*p - c = m, -z*p - 3*m = 1841 - 4569. Is p composite?
True
Let u = -4630 - -14553. Is u a composite number?
False
Let k(s) be the third derivative of -45*s**4/8 + 2*s**3/3 + 26*s**2. Is k(-5) composite?
True
Suppose 26*n - 31*n = -32765. Let b = n + -3204. Is b a prime number?
False
Let u = 31 - 27. Suppose -o + 210 = -5*r, u*r - 4 = -24. Suppose 3*x = b - 244, 2*b + 3*x = o + 348. Is b prime?
False
Suppose 4*w + 0*w = -0*w. Suppose w = -2*c - 2*g + 74 + 2644, -5*g - 10 = 0. Is c prime?
True
Suppose -186 = -17*j + 14*j. Let k = j - -23. Is k prime?
False
Suppose 3*m + 4 + 8 = 0, 24 = h - 5*m. Let p be -9 - (4/h + -4). Let n(q) = 9*q**2 - 4*q + 5. Is n(p) a composite number?
False
Let f be (0 - -1)/(15/(-38355)). Let u = f + 3816. Is u a prime number?
True
Suppose -4*v + 16 = 4*r, v + 7 = 2*r + 2*v. Suppose 0*p = -2*p. Suppose -u - r*u + 212 = p. Is u composite?
False
Suppose f + 4*z = -0*z + 18, 0 = -5*f + 5*z - 10. Suppose -1324 = -2*y - f*y. Suppose 178 = 2*i - u - y, -2*i - u + 519 = 0. Is i prime?
True
Let p(d) = 2647*d + 41. Is p(6) a prime number?
True
Suppose -2*z - 2 = -3*z. Let x(o) = o**2 - 2*o + 2506. Let s be x(0). Is (s/(-42))/(z/(-30)) a prime number?
False
Suppose 41*w - 254445 = 26*w. Is w composite?
False
Suppose -21*v = 7*v - 223804. Is v composite?
False
Let g(l) be the third derivative of l**6/30 - l**5/30 + 3*l**4/4 - 7*l**3/6 + 13*l**2. Is g(7) prime?
False
Suppose 0 = 3*m - 6986 - 1885. Is m composite?
False
Let r = -664 - -1533. Let b be (0 + 0)/(2 - 3). Suppose -3*k + b*c = 4*c - 1293, 5*c = -2*k + r. Is k a prime number?
False
Let u be (-72)/4 - (-2 - 0). Let i = -18 - u. Is 22 + i*1/(-2) a composite number?
False
Let i = 9144 - 6399. Suppose 0 = 5*f - n - 4583, -2*f + 3*n + i = f. Is f composite?
True
Let h(l) = l**3 - 13*l**2 + l - 9. Let b be h(13). Suppose -3*y + 5 = t, -t = 3*y - y - b. Is (t + -1)*(2 - -125) a composite number?
False
Let a be ((-6)/(-10))/(1/5). Let p = 22 + -17. Suppose -1312 = -p*i - k, -a*i + 1321 = 2*i - 2*k. Is i a prime number?
True
Suppose m = 2*z - 2*m + 122, 6 = 3*m. Let u be z/(-3 - (-241)/81). Let w = u - 1642. Is w prime?
False
Let f be 1007/2 + (9/(-2))/(-3). Suppose f = 2*t - 4*h + h, 3*t = 3*h + 756. Is t composite?
False
Let m be (28/(-70))/((-1)/(-30)). Let n = m - -17. Suppose n*s = -2 + 157. Is s composite?
False
Suppose 0 = 3*z - 3*w - 2 + 8, 24 = 4*z + 4*w. Suppose -748 - 1026 = -z*h. Is h a prime number?
True
Let t(y) = -10 - y**2 + 4*y + 3 + 5*y**2. Let a be t(-6). Suppose -131 = -d + 2*j, -j - a = -d + 18. Is d a prime number?
True
Let h(t) = t. Let s be h(-15). Let c = s - -15. Suppose c = 3*d - 2 + 5, -d = m - 76. Is m prime?
False
Let o(z) = -10*z**2 - 6*z - 1. Let p(r) = -30*r**2 - 17*r - 3. Let i(x) = 17*o(x) - 6*p(x). Suppose 7 = 3*m - 2*u, 0*m + 3*u - 9 = -2*m. Is i(m) composite?
True
Suppose -19 = k - 4*j, j - 8 = 2*k + 3*j. Let y = 188 - 130. Let b = k + y. Is b composite?
True
Suppose -3 = -2*k + 1. Suppose n + 4 = -k*h, n = -5*h - 12 + 2. Suppose 4*q - m + 5*m = 3228, -3*q - m + 2429 = n. Is q composite?
False
Suppose 0 = 5*a + 4*g - 61, 0 = 5*g - 1 + 6. Let z = 11 - a. Is (8/8)/(z/(-934)) a prime number?
True
Suppose -2*a = 3*a - 5*p - 15, -2*a = 3*p - 6. Suppose a*l + 9 = 0, -2*w + 81 = -l - 2*l. Suppose 0 = o + w - 107. Is o composite?
False
Suppose -5*d = 127516 - 47541. Is d/(-9) - 26/117 a prime number?
True
Let j(f) = 651*f - 131. Is j(12) prime?
True
Let v = -4539 - -6746. Is v a prime number?
True
Let p(o) = -o - 4. Let q be p(-6). Suppose 5 + 3 = q*d. Suppose d*m - 26 - 282 = 0. Is m a composite number?
True
Let b = -163 + 1771. Suppose b = 5*g - 9367. Is g a composite number?
True
Is (-433056)/(-5) - (-2)/(-20)*2 composite?
True
Let y(x) = -104*x + 3. Let t(m) = -204*m + 7. Let r(w) = -6*t(w) + 13*y(w). Let a = -3 - -1. Is r(a) prime?
False
Let s(d) = 40*d - 45*d + 2 + 186*d. Let n be s(-3). Is 16/(-56) + n/(-7) a composite number?
True
Suppose 83631 = 20*f - 221429. Is f a composite number?
True
Suppose s = 3*l - 4*s + 8, 0 = 5*l + 5*s - 40. Suppose -l*h = h - 565. Is h composite?
False
Let z(f) = 194*f - 16. Let a be z(4). Is (-1 - -3)/(-4)*(14 - a) prime?
True
Let c = -58 - -60. Suppose -c*g + 54 + 162 = 5*l, 3*g = -l + 311. Is g a prime number?
True
Suppose -53*c = -55*c + 155858. Is c a prime number?
True
Let j(t) = 5*t**2 - 2*t + 9. Is j(-4) a composite number?
False
Let l = -1 + 3. Suppose 0 = -l*y - y + 9. Suppose 419 = r - 2*t, -y*r + 1257 = 4*t + t. Is r a composite number?
False
Let i(b) = -96*b + 1. Let d(c) = -191*c + 3. Let k(g) = -2*d(g) + 5*i(g). Let w = 12 - 13. Is k(w) a prime number?
True
Is (7 - -2159) + 6 + -11 prime?
True
Suppose 19 - 11 = 2*t. Suppose -t*n - 4*n = -5368. Is n a composite number?
True
Suppose -o = -1222 - 3469. Is o a prime number?
True
Suppose -4*u - 5*y = 12, 5*u = y - 3*y + 2. Suppose -5*a - 4*w = -9857, 3*a + w = -u*a + 9863. Is a prime?
True
Suppose 320099 = -20*y + 33*y. Is y prime?
True
Suppose -7*y = 1 - 29. Suppose 2*s - 8 = -0*s. Suppose -2*i + s*x + 8 = 0, y*i = 3*i - 5*x + 25. Is i composite?
True
Suppose 0 = 3*l - 10*l + 7567. Is l a prime number?
False
Suppose 7*j = 3*j. Suppose y - 4*o + 3 = 0, 4*o + j = 12. Is (1 - -605)*3/y a prime number?
False
Let x = -1709 + 2742. Let c = x - -44. Is c prime?
False
Let j = 215 + -215. Suppose 0*n + 5 = n. Suppose j = 4*s + n*b - 813, 5*s - b + 2*b = 1011. Is s a composite number?
True
Let r(l) be the first derivative of -l**2/2 + 6*l - 5. Let n be r(4). Is 490/20 - 3/n a composite number?
False
Is (-3)/8 - 76811*4/(-32) composite?
False
Let v(o) = o**3 - 3*o**2 - 2*o - 4. Let c be v(4). Suppose 1673 - 351 = c*k + m, -5*k - 5*m = -1645. Is k composite?
False
Is -5*1 + 1 + 49107/1 prime?
True
Suppose 4*a + 495 = 2035. Let t be (4/(-6))/(-4*3/11862). Let g = t - a. Is g a composite number?
True
Suppose -164853 = 43*m - 1076926. Is m composite?
False
Let q(k) = -156*k - 85. Is q(-14) composite?
False
Let c(f) = 30*f**2 - 2*f - 2. Let d = -8 + 5. Let a be c(d). Suppose -a - 322 = -4*n. Is n a prime number?
True
Suppose 0 = 2*g + 4, -2*f + 18*g + 64882 = 14*g. Is f composite?
True
Let k be (4 + -20)*3/(-6). Let r be 1*(-7)/(28/k). Is r + 6*31 + 3 a composite number?
True
Let p(n) be the third derivative of n**6/180 + n**5/6 - n**4/6 + n**3 + 7*n**2. Let g(v) be the first derivative of p(v). Is g(15) a composite number?
True
Let v = -1187 + 21924. Is v composite?
True
Let j be ((-5)/(-5))/(0 + 1). Suppose -5*k = -j - 19. Suppose 4*d - k*b - 552 = -56, -15 = -5*b. Is d composite?
False
Is 1/(-2) + 9263/2 composite?
True
Let x(f) = 14*f**2 + 18*f - 19. Is x(-12) composite?
True
Is 51/510 - (-56778)/20 a composite number?
True
Let l(c) = -9*c**3 + 13*c**2 + 11*c - 2415. Let s(y) = -5*y**3 + 7*y**2 + 6*y - 1207. Let g(m) = -6*l(m) + 11*s(m). Is g(0) composite?
False
Let m = -6177 - -22166. Is m a prime number?
False
Suppose x = 3*l - 0*x + 28, 3*l = -4*x - 8. Let h = l - -11. Is 74/(h*4/18) a prime number?
False
Suppose 0 = l - 2, 2*l + 10 = 2*z + 3*l. Suppose -n = 5*p - 504, -4*n + p = z*